be the third derivative of u**8/6720 - u**7/1260 + u**6/720 - u**5/24 - 59*u**4/24 + 21*u**2 + 1. Let g(p) be the second derivative of c(p). Give g(0).
-5
Let p(s) = -3*s**3 + 32*s**2 - 27*s + 309. Let m(t) = -2*t**3 + 21*t**2 - 18*t + 191. Let l(y) = -8*m(y) + 5*p(y). Determine l(6).
-1
Let a(n) = 18*n**3 - n**2 - n + 1. Let j = 6 - 42. Let g = 35 + j. Let f(u) = u**2 + 4*u + 4. Let q be f(g). Calculate a(q).
17
Suppose 0*u + 68 = 4*u + 4*w, 0 = -3*u - 5*w + 43. Let s(x) = -x**2 + 23*x - 12. What is s(u)?
30
Let m = 196 + -20. Let j = 182 - m. Let u(p) = p - 1. Determine u(j).
5
Let x(s) = s**3 - 4*s**2 + 2*s + 5. Let h be (-14)/(-63) + (2 - 2/9). Suppose -h*k - 9 + 17 = 2*t, 1 = -t + 4*k. What is x(t)?
2
Suppose 6*n - 4*f - 152 = 2*n, 3*f = -5*n + 182. Let h = n - 35. Let y(t) = -5 + t**h + t - 7*t + 3 + 8*t. Determine y(-4).
6
Let k = 182 - 96. Let j = -82 + k. Let m(i) = -i - 3*i**2 + 2*i - 4 + j*i**2 + 7*i. Calculate m(-8).
-4
Let f(j) = 425*j + 3*j**3 + 0*j**3 - 4*j**3 - 375*j - 13*j**2 + 31. Calculate f(-16).
-1
Suppose 22*f - 270 = -23*f. Let c(w) = -27 + 7 + 8 + f - 6*w. Determine c(-7).
36
Let w(c) = -4*c**2 + 2 + 29*c + 32*c - 5 + c**3 - 57*c. Suppose 13 = 2*s - 5*q - 0*q, -q + 3 = s. Suppose 0 = -5*g + 6 + s. Calculate w(g).
-3
Let n(c) be the third derivative of -1/24*c**4 + 0*c - 7/3*c**3 + 37*c**2 + 0. What is n(-7)?
-7
Let c(v) = -7*v**2 + v**3 + 6*v - 30 + 77 - 41 + 0*v**3. Let m = -1524 + 1530. Determine c(m).
6
Let l(b) = -b**2 + 8*b + 11. Suppose 4*t + 87 - 119 = 2*z, 4*z - 14 = -5*t. What is l(t)?
23
Let o(a) = -a**3 + 8*a**2 - 6*a - 6. Let r(n) = 2. Let y(c) = -o(c) - 5*r(c). What is y(7)?
-11
Let p = 3345 - 3353. Let r(a) = -a - 3. Calculate r(p).
5
Let u be (-6)/((1/(-3))/((-10)/30)). Let z(l) = -3*l**2 - 3*l**3 + 9 + 2*l**3 + 2*l**3 + 10*l**2 + 8*l. Determine z(u).
-3
Let y(i) be the first derivative of i**5/120 + 5*i**4/24 + 52*i**3/3 + 136. Let l(p) be the third derivative of y(p). Give l(-6).
-1
Let d = 443 + -590. Let s be ((-63)/d)/(2/42). Let f(m) = -m**2 + 11*m - 21. Give f(s).
-3
Suppose -3*u + 84 = 117. Let x(v) = 8*v**3 - 19*v**2 - 12. Let c(m) = 3*m**3 - 6*m**2 - 4. Let y(p) = u*c(p) + 4*x(p). Calculate y(-10).
-4
Let h(n) = 18627*n**2 - 18626*n**2 + 40 + 96*n - 96*n. What is h(0)?
40
Let m = -85 + 88. Let n(v) = v. Let c(y) = -y**2 - 6*y + 10. Let s(w) = -c(w) - 5*n(w). Let f be s(m). Let d(o) = 7*o - 2. Determine d(f).
12
Let h(b) be the third derivative of -b**4/8 + 5*b**3/6 - 2*b**2. Suppose 3*l + 238 = -55*i, 2*l + 39 - 23 = -i. Give h(i).
17
Let r be (5/2)/((-301)/84 - -4). Let p(t) = 120 + r*t**2 + 8*t - 121 - 7*t**2. Determine p(6).
11
Let z(w) = 2*w + 28. Let s(l) = 18*l - 821. Let y be s(45). Give z(y).
6
Let v(y) = 211 - 206 - 13*y - 24*y - 9*y. Give v(3).
-133
Let m be 4 + (2 - (-4 + 6)). Let d(l) = -4 - l - 6 + 2 + 2*l. Let r(o) = -4*o + 33. Let t(h) = 9*d(h) + 2*r(h). Calculate t(m).
-2
Let u(r) = -3*r**3 - 2*r**2 - 7*r - 7. Suppose -3*f - 23 = m, -291*m = -287*m - 4*f - 20. What is u(m)?
23
Let u(c) = 3*c + 15. Let o(t) = -25*t**2 + 121*t + 18. Let h be o(5). What is u(h)?
9
Let y(n) = n**2 + 9*n + 7. Suppose -5*m = -3*a + 5*a - 352, 5*a - 355 = -5*m. Let z be ((-4)/6)/(m/735). Determine y(z).
-7
Let y(v) = v**2 - 1 + 0*v**2 + v**2. Suppose -6*x + 25 - 1 = 0. Suppose -x*u + 6 = 2. Calculate y(u).
1
Suppose -2*s = 2*s - 2*x, -4*s + 14 = 5*x. Let i(f) = 4*f - 9. Give i(s).
-5
Let y(f) = 4*f - 16. Suppose s = 2*d - 17, -4*d - 2*s - 18 = -48. Let x be y(d). Let r(z) = 12*z - 29*z - 4 + x*z. What is r(-3)?
-1
Let l(p) be the first derivative of 2*p**3/3 + p**2/2 + 20*p - 2108. Give l(0).
20
Let l be 5 + (7/(-2) - (-27)/18). Let n(m) = 3*m**3 - 12*m + 4*m + 5*m + 1 - 3*m**2 - 2*m**3. Determine n(l).
-8
Suppose 3*q + 4 = -48*b + 44*b, 17 = -4*q - 3*b. Let i(l) = -l**3 - 6*l**2 + 9*l - 59. Calculate i(q).
-3
Let b be (1 + 1 + -5)*-1. Let y be 1 + b + (-7 - 4). Let x(a) = -a - 6. Let t be x(y). Let w(o) = o**2 - o. Calculate w(t).
0
Let u be -1*((-36)/(-126) + 93/(-7)). Suppose -2*a = -u - 5. Let p(i) = i**2 - 8*i - 3. What is p(a)?
6
Let q(n) be the second derivative of 3*n**3/2 + 5*n**2/2 + 2*n + 10. Let s be q(-1). Let m(z) = -4*z - 6 + 0*z + 2*z. Calculate m(s).
2
Let i(p) = -p**3 - 20*p**2 - p - 14. Suppose 0 = -28*k - 566 + 6. Determine i(k).
6
Let o(y) be the second derivative of y**4/12 - y**3/6 + 13*y**2/2 + y. Suppose -b + 3 = 0, 2*s + 3*b + 28 = -19. Let u be -4 - (2*3 + s + 18). Give o(u).
13
Let k(r) = -26*r + 1964 + 1938 - 3884. Calculate k(2).
-34
Let l(b) be the first derivative of b**4/4 + 5*b**3/3 + b**2 + 5*b - 2712. Let o be (0 + -9)/3 - 1. Determine l(o).
13
Let a(k) = -k**2 + 2*k + 3. Let u be a(4). Let z(x) be the third derivative of x**6/120 + x**5/15 - x**4/24 + 5*x**3/6 + 12*x**2 + 165*x. Determine z(u).
-15
Suppose 64*i - 32 = -i + 33. Let x(p) = 82*p - 74. Give x(i).
8
Let a(t) = -t + 9. Let n be a(7). Let d(r) = 2 - r**3 - 14*r**2 + 5*r + 10*r**n - 7 + 4. Calculate d(-5).
-1
Let j(x) = 3*x + 55. Let m(b) = -3*b - 74. Let w(k) = -6*j(k) - 5*m(k). Calculate w(11).
7
Let w(r) be the second derivative of -5*r**2 + 7/12*r**4 + 1/3*r**3 + 0 + 1/20*r**5 + 208*r. Calculate w(-7).
-24
Let v(c) = -7*c**3 - 4*c**2 - 15*c - 27. Let f(k) = 19*k**3 + 14*k**2 + 44*k + 81. Let z(h) = -3*f(h) - 8*v(h). What is z(-9)?
0
Let k(a) = -a**3 - 3*a**2 - 2*a - 1. Let u(w) = 2*w**3 + 19*w**2 - 9*w + 13. Let d be u(-10). Suppose d*o + 6*o + 27 = 0. Give k(o).
5
Suppose -76*r + 158*r - 54*r + 812 = 0. Let q(h) = -h - 32. Give q(r).
-3
Suppose -4*a + 65 - 57 = 0. Let t(y) = 2*y**2 - 223 - 3*y**2 + 2*y**a + 5*y + 225. Let o = -5 - -1. Give t(o).
-2
Let q(a) be the third derivative of 7*a**4/12 - 57*a**3/2 + 2467*a**2 - 2. What is q(12)?
-3
Let u(z) = -24*z**2 - 53*z + 13. Let k(y) = -119*y**2 - 282*y + 69. Let t(x) = -3*k(x) + 16*u(x). Let c = 1 + 0. Determine t(c).
-28
Let l = -3521 - -3531. Let x(c) = 18*c - 174. Determine x(l).
6
Let n(r) be the second derivative of r**3/2 + 2*r**2 - 4*r. Let y(q) = -q**3 - 2*q**2. Let c be y(-2). Suppose 11*g - 27 + 115 = c. Give n(g).
-20
Let p(y) be the second derivative of y**5/20 - 3*y**4/4 - 6*y**3 - 29*y**2/2 + 9306*y. Calculate p(12).
-29
Let g(f) = -19*f + 37. Let m(k) = 2*k - 3. Let q(c) = g(c) + 8*m(c). Calculate q(-7).
34
Let j(x) = x - 3. Suppose 2*i + 3639 = 3687. Suppose -4 - 23 = -3*r. Suppose -r + i = -5*f. What is j(f)?
-6
Let t(c) = -c**2 + 7*c + 4. Let s(w) = -w**3 - 6*w**2 + 11*w + 15. Let g be s(-8). Let l = -38 + g. Suppose 0 = 20*r - l*r - 24. Give t(r).
-4
Let r(v) be the third derivative of v**5/20 + 2*v**4/3 + 13*v**3/3 + 110*v**2. Let u be r(-4). Let h(t) = 3*t - 9. Determine h(u).
21
Let b(f) = 55 - 7 - f + f + f - 36. What is b(-10)?
2
Let w(v) = -6*v + 40. Let l(i) = 162*i - 1042. Let r(p) = l(p) + 26*w(p). Let c(k) = -k**2 + 4*k + 3. Let x be 0/2 - 10/(-2). Let u be c(x). What is r(u)?
-14
Let n be 9/((-765)/10) - 854/(-34). Suppose 0 = -50*v + 45*v - n. Let c(o) be the second derivative of -o**4/12 - 7*o**3/6 - 3*o**2 - o. Give c(v).
4
Let o(f) = 83*f + 101. Let m(q) = -42*q - 55. Let z(w) = 11*m(w) + 6*o(w). Give z(-2).
-71
Let v(i) = 3*i - 17. Let w(t) = -16*t - 298. Let s(m) = -3*v(m) + w(m). Give s(-10).
3
Let g = 259 + -275. Suppose -3*z + 2 = -x, x + 2*x = -z - 6. Let o be (2 + z)/(68/g + 4). Let h(p) = -p**3 - 7*p**2 + 7*p - 5. What is h(o)?
3
Let a(b) = b**2 + 8*b + 6. Suppose 5*g = 7 + 8. Suppose -2*x = 2*l - 38, 0 = 2*x - l - 35 - 15. Suppose v = -g*v + 2*y - 12, -3*v - 2*y = x. Calculate a(v).
-9
Let l(u) = 2*u**3 + 15*u**2 + 8*u + 5. Let z be 31/(682/4) - ((-202)/(-22) + -2). What is l(z)?
-2
Let g(o) = -5*o - 66. Let a be ((-90)/42)/((-9)/(-63)). Determine g(a).
9
Let x(o) = o - 1. Let j = 1521 + -1531. What is x(j)?
-11
Let v(k) be the third derivative of k**6/20 - k**5/15 + 5*k**3/6 + 18*k**2 - 49*k. Give v(2).
37
Let i(v) = -4*v**3 - 6*v**2 - 28*v - 1. Let c(z) = -3*z**3 - 4*z**2 - 19*z. Let l(n) = 7*c(n) - 5*i(n). Give l(4).
1
Let v(k) = k**3 + 16*k**2 - 14*k + 21. Suppose -j + 3*d = -3*j - 16, -5*j - 5*d = 55. Calculate v(j).
-30
Let l(a) = -26*a**2 + 2*a - 16. Let c(o) = 69*o**2 - 3*o + 48. Let k(w) = -3*c(w) - 8*l(w). Calculate k(5).
-26
Suppose 0 = 9*y - 5*y - 44. Suppose 15*j - y*j - 132 = 0. Let l be j/77 +